{"id":10304,"date":"2021-03-03T11:32:36","date_gmt":"2021-03-03T11:32:36","guid":{"rendered":"http:\/\/www.bidijital.net\/akcelikdemo\/corporate\/board-of-directors\/salih-kilic\/"},"modified":"2022-08-24T19:37:13","modified_gmt":"2022-08-24T16:37:13","slug":"salih-kilic","status":"publish","type":"page","link":"http:\/\/eski.akcelik.com.tr\/en?page_id=10304","title":{"rendered":"Salih K\u0131l\u0131\u00e7"},"content":{"rendered":"<p>[vc_row][vc_column width=&#8221;1\/4&#8243;][stm_sidebar sidebar=&#8221;311&#8243;][\/vc_column][vc_column width=&#8221;3\/4&#8243;][vc_custom_heading stripe_pos=&#8221;hide&#8221; text=&#8221;Salih K\u0131l\u0131\u00e7&#8221; font_container=&#8221;tag:h1|text_align:left&#8221; use_theme_fonts=&#8221;yes&#8221; subtitle=&#8221;Chairman&#8221;][vc_row_inner][vc_column_inner][vc_single_image image=&#8221;8752&#8243; img_size=&#8221;full&#8221;][\/vc_column_inner][\/vc_row_inner][vc_row_inner css=&#8221;.vc_custom_1592926862894{margin-top: 30px !important;}&#8221;][vc_column_inner][vc_column_text el_class=&#8221;font&#8221;]Born in 1953, in 1978 Salih K\u0131l\u0131\u00e7 started professional career and founded Ak\u00e7elik Demir \u00c7elik in Izmir.\u00a0 Starting with a modest unlimited company in steel industry in a shop of 110 square meters, he became a \u00c7emta\u015f A.\u015e. dealer in 1988 which helped the company grow in the high quality steel industry. Starting with 3 thousand tons, dealership numbers increased to 30 thousand tons in the following years. Mr. K\u0131l\u0131\u00e7 opened the first high quality bright steel factory in Atat\u00fcrk Organized Industrial Zone (AOSB) in Izmir in 1990 and the company title was changed to a limited company. The company became a dealer for Asil \u00c7elik in 1993. Starting with 4 thousand tons, the sales under Asil \u00c7elik dealership reached to 40 thousand tons.<\/p>\n<p>Salih K\u0131l\u0131\u00e7 continued on his journey with the goal of continuous investment and opened Ak\u00e7elik&#8217;s second factory in Gebze Organized Industrial Zone (TOSB) in 2002 and moved the company&#8217;s headquarters from Izmir to Kocaeli. With his goal of sustainable growth, the company became a joint stock company in 2005 and opened distribution centres in Konya in 2006, in Ankara in 2012, in Kocaeli in 2013 and in Istanbul in 2014.<\/p>\n<p>With his ambitious mission in high quality steel and high quality bright steel manufacturing Salih K\u0131l\u0131\u00e7 acted both as the managing director and chairman of Ak\u00e7elik Board of Directors between 1978-2016.<\/p>\n<p>Salih K\u0131l\u0131\u00e7 continues to be the chairman of Ak\u00e7elik. He is married with two children.[\/vc_column_text][\/vc_column_inner][\/vc_row_inner][stm_spacing lg_spacing=&#8221;40px&#8221;][vc_column_text]<\/p>\n<ul class=\"font-liste\">\n<li>Vice chairman of \u00c7ukurova Kimya End\u00fcstrisi A.\u015e.<\/li>\n<li>The Chairman of the Board of Directors of Private IDE Schools.<\/li>\n<\/ul>\n<p>[\/vc_column_text][\/vc_column][\/vc_row]<\/p>\n","protected":false},"excerpt":{"rendered":"<p>[vc_row][vc_column width=&#8221;1\/4&#8243;][stm_sidebar sidebar=&#8221;311&#8243;][\/vc_column][vc_column width=&#8221;3\/4&#8243;][vc_custom_heading stripe_pos=&#8221;hide&#8221; text=&#8221;Salih K\u0131l\u0131\u00e7&#8221; font_container=&#8221;tag:h1|text_align:left&#8221; use_theme_fonts=&#8221;yes&#8221; subtitle=&#8221;Chairman&#8221;][vc_row_inner][vc_column_inner][vc_single_image image=&#8221;8752&#8243; img_size=&#8221;full&#8221;][\/vc_column_inner][\/vc_row_inner][vc_row_inner css=&#8221;.vc_custom_1592926862894{margin-top: 30px !important;}&#8221;][vc_column_inner][vc_column_text el_class=&#8221;font&#8221;]Born in 1953, in 1978 Salih K\u0131l\u0131\u00e7 started professional career and founded Ak\u00e7elik Demir \u00c7elik in Izmir.\u00a0 Starting with a modest unlimited company in steel industry in a shop of 110 square meters, he became a \u00c7emta\u015f A.\u015e. dealer in<\/p>\n","protected":false},"author":1,"featured_media":0,"parent":10301,"menu_order":0,"comment_status":"closed","ping_status":"closed","template":"","meta":[],"_links":{"self":[{"href":"http:\/\/eski.akcelik.com.tr\/index.php?rest_route=\/wp\/v2\/pages\/10304"}],"collection":[{"href":"http:\/\/eski.akcelik.com.tr\/index.php?rest_route=\/wp\/v2\/pages"}],"about":[{"href":"http:\/\/eski.akcelik.com.tr\/index.php?rest_route=\/wp\/v2\/types\/page"}],"author":[{"embeddable":true,"href":"http:\/\/eski.akcelik.com.tr\/index.php?rest_route=\/wp\/v2\/users\/1"}],"replies":[{"embeddable":true,"href":"http:\/\/eski.akcelik.com.tr\/index.php?rest_route=%2Fwp%2Fv2%2Fcomments&post=10304"}],"version-history":[{"count":4,"href":"http:\/\/eski.akcelik.com.tr\/index.php?rest_route=\/wp\/v2\/pages\/10304\/revisions"}],"predecessor-version":[{"id":11035,"href":"http:\/\/eski.akcelik.com.tr\/index.php?rest_route=\/wp\/v2\/pages\/10304\/revisions\/11035"}],"up":[{"embeddable":true,"href":"http:\/\/eski.akcelik.com.tr\/index.php?rest_route=\/wp\/v2\/pages\/10301"}],"wp:attachment":[{"href":"http:\/\/eski.akcelik.com.tr\/index.php?rest_route=%2Fwp%2Fv2%2Fmedia&parent=10304"}],"curies":[{"name":"wp","href":"https:\/\/api.w.org\/{rel}","templated":true}]}}