{"id":8559,"date":"2020-09-06T20:32:49","date_gmt":"2020-09-06T20:32:49","guid":{"rendered":"https:\/\/www.bidijital.net\/akcelikdemo\/?page_id=8559"},"modified":"2022-08-05T21:32:53","modified_gmt":"2022-08-05T18:32:53","slug":"fatih-kilic","status":"publish","type":"page","link":"http:\/\/eski.akcelik.com.tr\/?page_id=8559","title":{"rendered":"Fatih K\u0131l\u0131\u00e7"},"content":{"rendered":"<p>[vc_row][vc_column width=&#8221;1\/4&#8243;][stm_sidebar sidebar=&#8221;10648&#8243;][\/vc_column][vc_column width=&#8221;3\/4&#8243;][vc_custom_heading stripe_pos=&#8221;hide&#8221; text=&#8221;Fatih K\u0131l\u0131\u00e7&#8221; font_container=&#8221;tag:h1|text_align:left&#8221; use_theme_fonts=&#8221;yes&#8221; subtitle=&#8221;Y\u00f6netim Kurulu \u00dcyesi&#8221;][vc_row_inner css=&#8221;.vc_custom_1592926862894{margin-top: 30px !important;}&#8221;][vc_column_inner width=&#8221;1\/3&#8243;][vc_single_image image=&#8221;8451&#8243; img_size=&#8221;full&#8221;][\/vc_column_inner][vc_column_inner width=&#8221;2\/3&#8243;][vc_column_text]Fatih K\u0131l\u0131\u00e7 1980 y\u0131l\u0131nda \u0130stanbul\u2019da do\u011fdu. Dokuz Eyl\u00fcl \u00dcniversitesi Ekonomi B\u00f6l\u00fcm\u00fc\u2019nden 2001 y\u0131l\u0131nda mezun oldu. 2002 y\u0131l\u0131nda Ak\u00e7elik Demir \u00c7elik San. Tic. A.\u015e. ailesine kat\u0131lan K\u0131l\u0131\u00e7, s\u0131ras\u0131yla Sat\u0131\u015f Temsilcisi, Sat\u0131\u015f Y\u00f6neticisi, Sat\u0131\u015f M\u00fcd\u00fcr\u00fc pozisyonlar\u0131nda g\u00f6rev ald\u0131. 2013 y\u0131l\u0131nda Ak\u00e7elik Ticari \u0130\u015fler Grup Y\u00f6neticisi oldu. Y\u00f6netim Kurulu \u00dcyesi olan Fatih K\u0131l\u0131\u00e7 evli ve 2 \u00e7ocuk babas\u0131d\u0131r.[\/vc_column_text][\/vc_column_inner][\/vc_row_inner][\/vc_column][\/vc_row]<\/p>\n","protected":false},"excerpt":{"rendered":"<p>[vc_row][vc_column width=&#8221;1\/4&#8243;][stm_sidebar sidebar=&#8221;10648&#8243;][\/vc_column][vc_column width=&#8221;3\/4&#8243;][vc_custom_heading stripe_pos=&#8221;hide&#8221; text=&#8221;Fatih K\u0131l\u0131\u00e7&#8221; font_container=&#8221;tag:h1|text_align:left&#8221; use_theme_fonts=&#8221;yes&#8221; subtitle=&#8221;Y\u00f6netim Kurulu \u00dcyesi&#8221;][vc_row_inner css=&#8221;.vc_custom_1592926862894{margin-top: 30px !important;}&#8221;][vc_column_inner width=&#8221;1\/3&#8243;][vc_single_image image=&#8221;8451&#8243; img_size=&#8221;full&#8221;][\/vc_column_inner][vc_column_inner width=&#8221;2\/3&#8243;][vc_column_text]Fatih K\u0131l\u0131\u00e7 1980 y\u0131l\u0131nda \u0130stanbul\u2019da do\u011fdu. Dokuz Eyl\u00fcl \u00dcniversitesi Ekonomi B\u00f6l\u00fcm\u00fc\u2019nden 2001 y\u0131l\u0131nda mezun oldu. 2002 y\u0131l\u0131nda Ak\u00e7elik Demir \u00c7elik San. Tic. A.\u015e. ailesine kat\u0131lan K\u0131l\u0131\u00e7, s\u0131ras\u0131yla Sat\u0131\u015f Temsilcisi, Sat\u0131\u015f Y\u00f6neticisi, Sat\u0131\u015f M\u00fcd\u00fcr\u00fc pozisyonlar\u0131nda g\u00f6rev ald\u0131. 2013<\/p>\n","protected":false},"author":1,"featured_media":0,"parent":8556,"menu_order":0,"comment_status":"closed","ping_status":"closed","template":"","meta":[],"_links":{"self":[{"href":"http:\/\/eski.akcelik.com.tr\/index.php?rest_route=\/wp\/v2\/pages\/8559"}],"collection":[{"href":"http:\/\/eski.akcelik.com.tr\/index.php?rest_route=\/wp\/v2\/pages"}],"about":[{"href":"http:\/\/eski.akcelik.com.tr\/index.php?rest_route=\/wp\/v2\/types\/page"}],"author":[{"embeddable":true,"href":"http:\/\/eski.akcelik.com.tr\/index.php?rest_route=\/wp\/v2\/users\/1"}],"replies":[{"embeddable":true,"href":"http:\/\/eski.akcelik.com.tr\/index.php?rest_route=%2Fwp%2Fv2%2Fcomments&post=8559"}],"version-history":[{"count":7,"href":"http:\/\/eski.akcelik.com.tr\/index.php?rest_route=\/wp\/v2\/pages\/8559\/revisions"}],"predecessor-version":[{"id":10945,"href":"http:\/\/eski.akcelik.com.tr\/index.php?rest_route=\/wp\/v2\/pages\/8559\/revisions\/10945"}],"up":[{"embeddable":true,"href":"http:\/\/eski.akcelik.com.tr\/index.php?rest_route=\/wp\/v2\/pages\/8556"}],"wp:attachment":[{"href":"http:\/\/eski.akcelik.com.tr\/index.php?rest_route=%2Fwp%2Fv2%2Fmedia&parent=8559"}],"curies":[{"name":"wp","href":"https:\/\/api.w.org\/{rel}","templated":true}]}}