{"id":8607,"date":"2020-09-06T20:32:48","date_gmt":"2020-09-06T20:32:48","guid":{"rendered":"https:\/\/www.bidijital.net\/akcelikdemo\/?page_id=8607"},"modified":"2022-08-31T14:04:43","modified_gmt":"2022-08-31T11:04:43","slug":"ilerleme","status":"publish","type":"page","link":"https:\/\/eski.akcelik.com.tr\/?page_id=8607","title":{"rendered":"\u0130lerleme"},"content":{"rendered":"<p>[vc_row][vc_column width=&#8221;1\/4&#8243;][stm_sidebar sidebar=&#8221;9959&#8243;][\/vc_column][vc_column width=&#8221;3\/4&#8243;][vc_custom_heading stripe_pos=&#8221;hide&#8221; text=&#8221;\u0130lerleme&#8221; font_container=&#8221;tag:h1|text_align:left&#8221; use_theme_fonts=&#8221;yes&#8221;][vc_column_text]Kuruldu\u011fumuz g\u00fcnden bug\u00fcne s\u00fcrekli geli\u015fim hedefi ile d\u00fcnya markas\u0131 olma yolunda ilerliyoruz. Yar\u0131nlara da ayn\u0131 felsefe ile y\u00fcr\u00fcyoruz. \u00c7a\u011f\u0131n gerekliliklerinin \u00f6tesinde insan kayna\u011f\u0131, e\u011fitim, yat\u0131r\u0131m ve t\u00fcm projelerle ilerlememizi durmaks\u0131z\u0131n s\u00fcrd\u00fcr\u00fcyoruz.[\/vc_column_text][vc_single_image image=&#8221;10189&#8243; img_size=&#8221;large&#8221; alignment=&#8221;center&#8221;][\/vc_column][\/vc_row][vc_row disable_element=&#8221;yes&#8221;][vc_column][vc_custom_heading text=&#8221;Otomasyon&#8221; use_theme_fonts=&#8221;yes&#8221; el_class=&#8221;env_cizgi&#8221;][vc_column_text]G\u00fcn\u00fcm\u00fczde bilgi dijitalle\u015fmeyi tam anlam\u0131yla ger\u00e7ekle\u015ftirecek ana bile\u015fendir.<br \/>\n\u00dcretimlerimizde, sat\u0131\u015flar\u0131m\u0131zda, depolar\u0131m\u0131zda, e-pazarlama ve sat\u0131\u015f sonras\u0131 operasyonlar\u0131m\u0131zda s\u00fcrekli olarak toplad\u0131\u011f\u0131m\u0131z b\u00fcy\u00fck miktarda veriyi analiz ederek, daha fazla kullan\u0131labilir veri ortaya \u00e7\u0131kar\u0131yoruz.[\/vc_column_text][\/vc_column][\/vc_row][vc_row full_width=&#8221;stretch_row&#8221; disable_element=&#8221;yes&#8221; css=&#8221;.vc_custom_1616099652940{margin-top: 40px !important;}&#8221;][vc_column width=&#8221;1\/2&#8243;][vc_custom_heading stripe_pos=&#8221;hide&#8221; text=&#8221;Otomasyon&#8221; use_theme_fonts=&#8221;yes&#8221; el_class=&#8221;gizle&#8221;][vc_single_image image=&#8221;7364&#8243; img_size=&#8221;full&#8221; css=&#8221;.vc_custom_1594124435188{margin-top: -30px !important;}&#8221;][vc_column_text]Bu verileri otomasyon imkanlar\u0131m\u0131z ile kullanarak i\u015fimizi, dijitalle\u015fen d\u00fcnyada sim\u00fcle edip y\u00f6neterek yeni yat\u0131r\u0131mlar\u0131m\u0131za y\u00f6n veriyoruz.<\/p>\n<p>D\u00fczenli olarak yapm\u0131\u015f oldu\u011fumuz kurum i\u00e7i proje \u00e7al\u0131\u015fmalar\u0131m\u0131z arac\u0131l\u0131\u011f\u0131 ile \u00e7ok \u00e7abuk \u00e7\u00f6z\u00fcm \u00fcretme kabiliyetimiz, i\u015fledi\u011fimiz verilerin otomasyon imkanlar\u0131m\u0131z ile art\u0131 de\u011fere d\u00f6n\u00fc\u015fmesine vesile oluyor.[\/vc_column_text][\/vc_column][vc_column width=&#8221;1\/2&#8243;][vc_single_image image=&#8221;8274&#8243; img_size=&#8221;full&#8221; style=&#8221;vc_box_rounded&#8221;][\/vc_column][\/vc_row][vc_row disable_element=&#8221;yes&#8221; css=&#8221;.vc_custom_1616099656842{margin-top: 80px !important;}&#8221;][vc_column width=&#8221;1\/3&#8243; el_class=&#8221;yancizgi&#8221;][vc_single_image image=&#8221;9786&#8243; img_size=&#8221;medium&#8221; alignment=&#8221;center&#8221; onclick=&#8221;custom_link&#8221; img_link_target=&#8221;_blank&#8221; link=&#8221;https:\/\/online.akcelik.com.tr\/&#8221;][\/vc_column][vc_column width=&#8221;2\/3&#8243;][vc_column_text]<\/p>\n<p style=\"font-size: 18px;\">Ak\u00e7elik Online, internet \u00fczerinden m\u00fc\u015fterilerimizin katalog, bro\u015f\u00fcr, teknik belge, \u00fcr\u00fcn detaylar\u0131, g\u00fcncel envanter ve stok bilgilerini \u00f6\u011frenmeleri ve do\u011frudan online sat\u0131\u015f platformumuz \u00fczerinden \u00fcr\u00fcn sat\u0131n alabilmeleri i\u00e7in olu\u015fturulmu\u015f bir web sitesidir.<br \/>\nBu online platform ile m\u00fc\u015fterilerimiz, \u00e7elik ihtiya\u00e7lar\u0131n\u0131 s\u00fcrekli olarak tedarik zincirlerine entegre ederek, ham maddeden ba\u015flayarak nihai par\u00e7aya kadar s\u00fcregelen tedarik zincirinde verimliliklerini artt\u0131rm\u0131\u015f oluyorlar.<\/p>\n<p>[\/vc_column_text][\/vc_column][\/vc_row]<\/p>\n","protected":false},"excerpt":{"rendered":"<p>[vc_row][vc_column width=&#8221;1\/4&#8243;][stm_sidebar sidebar=&#8221;9959&#8243;][\/vc_column][vc_column width=&#8221;3\/4&#8243;][vc_custom_heading stripe_pos=&#8221;hide&#8221; text=&#8221;\u0130lerleme&#8221; font_container=&#8221;tag:h1|text_align:left&#8221; use_theme_fonts=&#8221;yes&#8221;][vc_column_text]Kuruldu\u011fumuz g\u00fcnden bug\u00fcne s\u00fcrekli geli\u015fim hedefi ile d\u00fcnya markas\u0131 olma yolunda ilerliyoruz. Yar\u0131nlara da ayn\u0131 felsefe ile y\u00fcr\u00fcyoruz. \u00c7a\u011f\u0131n gerekliliklerinin \u00f6tesinde insan kayna\u011f\u0131, e\u011fitim, yat\u0131r\u0131m ve t\u00fcm projelerle ilerlememizi durmaks\u0131z\u0131n s\u00fcrd\u00fcr\u00fcyoruz.[\/vc_column_text][vc_single_image image=&#8221;10189&#8243; img_size=&#8221;large&#8221; alignment=&#8221;center&#8221;][\/vc_column][\/vc_row][vc_row disable_element=&#8221;yes&#8221;][vc_column][vc_custom_heading text=&#8221;Otomasyon&#8221; use_theme_fonts=&#8221;yes&#8221; el_class=&#8221;env_cizgi&#8221;][vc_column_text]G\u00fcn\u00fcm\u00fczde bilgi dijitalle\u015fmeyi tam anlam\u0131yla ger\u00e7ekle\u015ftirecek ana bile\u015fendir. \u00dcretimlerimizde, sat\u0131\u015flar\u0131m\u0131zda, depolar\u0131m\u0131zda,<\/p>\n","protected":false},"author":1,"featured_media":0,"parent":8606,"menu_order":0,"comment_status":"closed","ping_status":"closed","template":"","meta":[],"_links":{"self":[{"href":"https:\/\/eski.akcelik.com.tr\/index.php?rest_route=\/wp\/v2\/pages\/8607"}],"collection":[{"href":"https:\/\/eski.akcelik.com.tr\/index.php?rest_route=\/wp\/v2\/pages"}],"about":[{"href":"https:\/\/eski.akcelik.com.tr\/index.php?rest_route=\/wp\/v2\/types\/page"}],"author":[{"embeddable":true,"href":"https:\/\/eski.akcelik.com.tr\/index.php?rest_route=\/wp\/v2\/users\/1"}],"replies":[{"embeddable":true,"href":"https:\/\/eski.akcelik.com.tr\/index.php?rest_route=%2Fwp%2Fv2%2Fcomments&post=8607"}],"version-history":[{"count":9,"href":"https:\/\/eski.akcelik.com.tr\/index.php?rest_route=\/wp\/v2\/pages\/8607\/revisions"}],"predecessor-version":[{"id":10934,"href":"https:\/\/eski.akcelik.com.tr\/index.php?rest_route=\/wp\/v2\/pages\/8607\/revisions\/10934"}],"up":[{"embeddable":true,"href":"https:\/\/eski.akcelik.com.tr\/index.php?rest_route=\/wp\/v2\/pages\/8606"}],"wp:attachment":[{"href":"https:\/\/eski.akcelik.com.tr\/index.php?rest_route=%2Fwp%2Fv2%2Fmedia&parent=8607"}],"curies":[{"name":"wp","href":"https:\/\/api.w.org\/{rel}","templated":true}]}}