{"id":8615,"date":"2020-09-06T20:32:48","date_gmt":"2020-09-06T20:32:48","guid":{"rendered":"https:\/\/www.bidijital.net\/akcelikdemo\/?page_id=8615"},"modified":"2022-08-24T18:56:37","modified_gmt":"2022-08-24T15:56:37","slug":"kabuk-soyma","status":"publish","type":"page","link":"https:\/\/eski.akcelik.com.tr\/?page_id=8615","title":{"rendered":"Kabuk Soyma"},"content":{"rendered":"<p>[vc_row][vc_column width=&#8221;1\/3&#8243;][stm_sidebar sidebar=&#8221;7742&#8243;][\/vc_column][vc_column width=&#8221;2\/3&#8243;][vc_custom_heading stripe_pos=&#8221;hide&#8221; text=&#8221;Kabuk Soyma&#8221; font_container=&#8221;tag:h1|text_align:left&#8221; use_theme_fonts=&#8221;yes&#8221;][vc_column_text]<strong><em>KABUK SOYMA<\/em><\/strong><\/p>\n<p>Kabuk soyma s\u0131cak haddelenmi\u015f \u00e7ubuklara IT9\u2019a kadar \u00e7ok y\u00fcksek bir tolerans\u0131 elde etmek i\u00e7in soyma i\u015flemini ger\u00e7ekle\u015ftirirken, herhangi bir karbonsuzla\u015fm\u0131\u015f tabakay\u0131 kald\u0131rarak, otomotiv ve benzeri zorlu m\u00fchendislik uygulamalar\u0131 i\u00e7in % 100 y\u00fczey hatas\u0131z nihai \u00fcr\u00fcn sunmaktay\u0131z.[\/vc_column_text][vc_single_image image=&#8221;10056&#8243; img_size=&#8221;full&#8221;][vc_column_text]T\u00fcrkiye Kocaeli\u2019de ve Almanya Kerpen\u2019de bulunan modern kabuk soyma tesislerimizde, s\u0131cak haddelenmi\u015f \u00e7ubuklar, s\u0131f\u0131r hata prensibiyle 6 mm\u2019den 200 mm\u2019ye kadar soyulmu\u015f parlak \u00e7elik \u00e7ubuklar\u0131 \u00fcretmekteyiz. M\u00fc\u015fteri taleplerine g\u00f6re soyma hatlar\u0131m\u0131z, \u00f6n do\u011frultma, son do\u011frultma, parlatma ve tahribats\u0131z muayene (NDT) ekipmanlar\u0131 ile birlikte entegre \u00e7al\u0131\u015fmaktad\u0131r.[\/vc_column_text][stm_spacing lg_spacing=&#8221;30px&#8221;][vc_images_carousel images=&#8221;8659,10060,10062&#8243; img_size=&#8221;full&#8221; autoplay=&#8221;yes&#8221; wrap=&#8221;yes&#8221;][\/vc_column][\/vc_row]<\/p>\n","protected":false},"excerpt":{"rendered":"<p>[vc_row][vc_column width=&#8221;1\/3&#8243;][stm_sidebar sidebar=&#8221;7742&#8243;][\/vc_column][vc_column width=&#8221;2\/3&#8243;][vc_custom_heading stripe_pos=&#8221;hide&#8221; text=&#8221;Kabuk Soyma&#8221; font_container=&#8221;tag:h1|text_align:left&#8221; use_theme_fonts=&#8221;yes&#8221;][vc_column_text]KABUK SOYMA Kabuk soyma s\u0131cak haddelenmi\u015f \u00e7ubuklara IT9\u2019a kadar \u00e7ok y\u00fcksek bir tolerans\u0131 elde etmek i\u00e7in soyma i\u015flemini ger\u00e7ekle\u015ftirirken, herhangi bir karbonsuzla\u015fm\u0131\u015f tabakay\u0131 kald\u0131rarak, otomotiv ve benzeri zorlu m\u00fchendislik uygulamalar\u0131 i\u00e7in % 100 y\u00fczey hatas\u0131z nihai \u00fcr\u00fcn sunmaktay\u0131z.[\/vc_column_text][vc_single_image image=&#8221;10056&#8243; img_size=&#8221;full&#8221;][vc_column_text]T\u00fcrkiye Kocaeli\u2019de ve Almanya Kerpen\u2019de bulunan modern kabuk<\/p>\n","protected":false},"author":1,"featured_media":0,"parent":9794,"menu_order":0,"comment_status":"closed","ping_status":"closed","template":"","meta":[],"_links":{"self":[{"href":"https:\/\/eski.akcelik.com.tr\/index.php?rest_route=\/wp\/v2\/pages\/8615"}],"collection":[{"href":"https:\/\/eski.akcelik.com.tr\/index.php?rest_route=\/wp\/v2\/pages"}],"about":[{"href":"https:\/\/eski.akcelik.com.tr\/index.php?rest_route=\/wp\/v2\/types\/page"}],"author":[{"embeddable":true,"href":"https:\/\/eski.akcelik.com.tr\/index.php?rest_route=\/wp\/v2\/users\/1"}],"replies":[{"embeddable":true,"href":"https:\/\/eski.akcelik.com.tr\/index.php?rest_route=%2Fwp%2Fv2%2Fcomments&post=8615"}],"version-history":[{"count":11,"href":"https:\/\/eski.akcelik.com.tr\/index.php?rest_route=\/wp\/v2\/pages\/8615\/revisions"}],"predecessor-version":[{"id":11000,"href":"https:\/\/eski.akcelik.com.tr\/index.php?rest_route=\/wp\/v2\/pages\/8615\/revisions\/11000"}],"up":[{"embeddable":true,"href":"https:\/\/eski.akcelik.com.tr\/index.php?rest_route=\/wp\/v2\/pages\/9794"}],"wp:attachment":[{"href":"https:\/\/eski.akcelik.com.tr\/index.php?rest_route=%2Fwp%2Fv2%2Fmedia&parent=8615"}],"curies":[{"name":"wp","href":"https:\/\/api.w.org\/{rel}","templated":true}]}}