{"id":9738,"date":"2021-01-26T12:32:38","date_gmt":"2021-01-26T12:32:38","guid":{"rendered":"http:\/\/www.bidijital.net\/akcelikdemo\/?page_id=9738"},"modified":"2023-04-10T16:23:14","modified_gmt":"2023-04-10T13:23:14","slug":"ihracat","status":"publish","type":"page","link":"https:\/\/eski.akcelik.com.tr\/?page_id=9738","title":{"rendered":"\u0130hracat"},"content":{"rendered":"<p>[vc_row el_id=&#8221;ihracat&#8221;][vc_column width=&#8221;1\/4&#8243;][stm_sidebar sidebar=&#8221;10648&#8243;][\/vc_column][vc_column width=&#8221;3\/4&#8243;][vc_custom_heading stripe_pos=&#8221;hide&#8221; text=&#8221;\u0130hracat&#8221; font_container=&#8221;tag:h1|text_align:left&#8221; use_theme_fonts=&#8221;yes&#8221;][vc_row_inner css=&#8221;.vc_custom_1592931216748{margin-top: 50px !important;}&#8221;][vc_column_inner][vc_single_image image=&#8221;8458&#8243; img_size=&#8221;full&#8221; alignment=&#8221;center&#8221;][vc_custom_heading stripe_pos=&#8221;hide&#8221; text=&#8221;Burak K\u0131l\u0131\u00e7&#8221; font_container=&#8221;tag:h4|font_size:19px|text_align:center&#8221; use_theme_fonts=&#8221;yes&#8221; subtitle=&#8221;D\u0131\u015f Sat\u0131\u015f Y\u00f6neticisi&#8221; css=&#8221;.vc_custom_1617090784383{margin-top: -30px !important;margin-bottom: -20px !important;}&#8221;][\/vc_column_inner][\/vc_row_inner][vc_column_text]<\/p>\n<p style=\"font-size: 15px !important; text-align: center;\"><a href=\"mailto:burak.kilic@eski.akcelik.com.tr\">burak.kilic@eski.akcelik.com.tr<\/a><br \/>\nT:+90 262 6588952-1160<\/p>\n<p>[\/vc_column_text][stm_spacing lg_spacing=&#8221;30px&#8221;][vc_row_inner css=&#8221;.vc_custom_1592926862894{margin-top: 30px !important;}&#8221;][vc_column_inner width=&#8221;2\/12&#8243;][\/vc_column_inner][vc_column_inner width=&#8221;4\/12&#8243;][vc_single_image image=&#8221;8461&#8243; img_size=&#8221;full&#8221;][vc_custom_heading stripe_pos=&#8221;hide&#8221; text=&#8221;Kava Kuse&#8221; font_container=&#8221;tag:h4|font_size:19px|text_align:left&#8221; use_theme_fonts=&#8221;yes&#8221; subtitle=&#8221;\u0130hracat Sat\u0131\u015f Uzman\u0131&#8221; css=&#8221;.vc_custom_1641835920352{margin-top: -30px !important;margin-bottom: -20px !important;}&#8221;][vc_column_text]<\/p>\n<p style=\"text-align: left; font-size: 15px !important;\"><a href=\"mailto:kava.kuse@eski.akcelik.com.tr\">kava.kuse@eski.akcelik.com.tr<\/a><br \/>\nT:+90 262 6588952-1162<\/p>\n<p>[\/vc_column_text][\/vc_column_inner][vc_column_inner width=&#8221;2\/12&#8243;][\/vc_column_inner][\/vc_row_inner][stm_spacing lg_spacing=&#8221;30px&#8221;][\/vc_column][\/vc_row]<\/p>\n","protected":false},"excerpt":{"rendered":"<p>[vc_row el_id=&#8221;ihracat&#8221;][vc_column width=&#8221;1\/4&#8243;][stm_sidebar sidebar=&#8221;10648&#8243;][\/vc_column][vc_column width=&#8221;3\/4&#8243;][vc_custom_heading stripe_pos=&#8221;hide&#8221; text=&#8221;\u0130hracat&#8221; font_container=&#8221;tag:h1|text_align:left&#8221; use_theme_fonts=&#8221;yes&#8221;][vc_row_inner css=&#8221;.vc_custom_1592931216748{margin-top: 50px !important;}&#8221;][vc_column_inner][vc_single_image image=&#8221;8458&#8243; img_size=&#8221;full&#8221; alignment=&#8221;center&#8221;][vc_custom_heading stripe_pos=&#8221;hide&#8221; text=&#8221;Burak K\u0131l\u0131\u00e7&#8221; font_container=&#8221;tag:h4|font_size:19px|text_align:center&#8221; use_theme_fonts=&#8221;yes&#8221; subtitle=&#8221;D\u0131\u015f Sat\u0131\u015f Y\u00f6neticisi&#8221; css=&#8221;.vc_custom_1617090784383{margin-top: -30px !important;margin-bottom: -20px !important;}&#8221;][\/vc_column_inner][\/vc_row_inner][vc_column_text] burak.kilic@eski.akcelik.com.tr T:+90 262 6588952-1160 [\/vc_column_text][stm_spacing lg_spacing=&#8221;30px&#8221;][vc_row_inner css=&#8221;.vc_custom_1592926862894{margin-top: 30px !important;}&#8221;][vc_column_inner width=&#8221;2\/12&#8243;][\/vc_column_inner][vc_column_inner width=&#8221;4\/12&#8243;][vc_single_image image=&#8221;8461&#8243; img_size=&#8221;full&#8221;][vc_custom_heading stripe_pos=&#8221;hide&#8221; text=&#8221;Kava Kuse&#8221; font_container=&#8221;tag:h4|font_size:19px|text_align:left&#8221; use_theme_fonts=&#8221;yes&#8221; subtitle=&#8221;\u0130hracat Sat\u0131\u015f Uzman\u0131&#8221; css=&#8221;.vc_custom_1641835920352{margin-top: -30px !important;margin-bottom: -20px !important;}&#8221;][vc_column_text] kava.kuse@eski.akcelik.com.tr<\/p>\n","protected":false},"author":1,"featured_media":0,"parent":8558,"menu_order":0,"comment_status":"closed","ping_status":"closed","template":"","meta":[],"_links":{"self":[{"href":"https:\/\/eski.akcelik.com.tr\/index.php?rest_route=\/wp\/v2\/pages\/9738"}],"collection":[{"href":"https:\/\/eski.akcelik.com.tr\/index.php?rest_route=\/wp\/v2\/pages"}],"about":[{"href":"https:\/\/eski.akcelik.com.tr\/index.php?rest_route=\/wp\/v2\/types\/page"}],"author":[{"embeddable":true,"href":"https:\/\/eski.akcelik.com.tr\/index.php?rest_route=\/wp\/v2\/users\/1"}],"replies":[{"embeddable":true,"href":"https:\/\/eski.akcelik.com.tr\/index.php?rest_route=%2Fwp%2Fv2%2Fcomments&post=9738"}],"version-history":[{"count":10,"href":"https:\/\/eski.akcelik.com.tr\/index.php?rest_route=\/wp\/v2\/pages\/9738\/revisions"}],"predecessor-version":[{"id":11278,"href":"https:\/\/eski.akcelik.com.tr\/index.php?rest_route=\/wp\/v2\/pages\/9738\/revisions\/11278"}],"up":[{"embeddable":true,"href":"https:\/\/eski.akcelik.com.tr\/index.php?rest_route=\/wp\/v2\/pages\/8558"}],"wp:attachment":[{"href":"https:\/\/eski.akcelik.com.tr\/index.php?rest_route=%2Fwp%2Fv2%2Fmedia&parent=9738"}],"curies":[{"name":"wp","href":"https:\/\/api.w.org\/{rel}","templated":true}]}}